= b - 51, 4*b - y*z = -0*z + 204. Calculate the greatest common divisor of b and 17.
17
Let p be ((-28)/(-10))/(2/680). Let f be 4/10 + p/20. What is the highest common factor of 16 and f?
16
Let l(r) = r - 2. Let x be l(7). Let y = 7 - x. Calculate the highest common divisor of 4 and y.
2
Let w(a) = -21*a - 31. Let b be w(-3). What is the greatest common divisor of b and 352?
32
Suppose 8*h + 306 = 10*h. Calculate the highest common divisor of h and 17.
17
Let i be 328/10 + (-4)/(-20). What is the greatest common divisor of 55 and i?
11
Let a(r) = 7*r + 1. Let k be a(1). Suppose 26*o - 22*o - 8 = 0. Calculate the highest common factor of o and k.
2
Let j(h) = -18*h. Let v be j(-2). Let s = 72 + -63. Calculate the highest common divisor of s and v.
9
Let t = -23 + 59. Calculate the highest common factor of 24 and t.
12
Suppose 0*d - 30 = -5*d. Let j(p) = -p**3 + 5*p**2 + 7*p + 8. Let r be j(d). Calculate the greatest common factor of 112 and r.
14
Suppose -5*z - 59 = -4*q, 4*q + 0*z - 60 = 4*z. Calculate the highest common factor of 80 and q.
16
Let i = -8 + 10. What is the highest common divisor of 2 and i?
2
Let z(l) = -l. Let t be z(-6). Let s be ((-14)/21)/((-1)/6). Let x = s + -3. What is the greatest common divisor of x and t?
1
Suppose b + 2*v + 63 = 0, 4*b - 2*b + 121 = -3*v. Let a = 91 + b. What is the greatest common factor of 57 and a?
19
Let c be (-7)/(-3) + 2/3. Let t be (-5 - (-2 + -1)) + c. What is the greatest common divisor of 1 and t?
1
Suppose 0*a - 5*a - 20 = -3*n, 2*n - 6 = -4*a. Let q be a/(6/33)*-2. Calculate the highest common factor of q and 22.
11
Suppose 2*n = 5*p + 80, 2*p + 2*p = -4*n + 216. Let r = -23 + 43. Calculate the highest common divisor of r and n.
10
Let h(f) be the third derivative of -f**4/24 + 3*f**3/2 - f**2. Let u be h(8). Let t be (0 - u)/1 + 28. Calculate the greatest common divisor of t and 3.
3
Suppose 2*v + k - 24 = -4*k, -3*k = -3*v + 15. What is the highest common factor of v and 49?
7
Suppose 12 = 3*y - 0. Let z(c) = c**3 + 8*c**2 - 2*c - 10. Let h be z(-8). Suppose -o = -h*o + 80. Calculate the highest common factor of o and y.
4
Let u(i) = -i**3 - 2*i**2 + 5*i**2 + 13*i + 8*i**2 - 5. Let h be u(12). Calculate the greatest common factor of h and 49.
7
Let m = 126 - 104. Suppose 2*z + z - 9 = 0. Suppose -63 = -2*t + z*j, -2*j - 3 = -t + 28. What is the highest common factor of t and m?
11
Suppose 4*i - 9 - 55 = 0. Calculate the greatest common divisor of 24 and i.
8
Suppose 2 = -3*y + 11. Calculate the highest common divisor of 2 and y.
1
Suppose 4*b - 2*g + 3*g - 6 = 0, -5*g = b - 11. Let p be -6 + 4 + b*128. What is the highest common divisor of 14 and p?
14
Suppose 2*i - 350 = -3*i. Suppose 0 = -u + 6*u + 5*k - 40, 5*u - k - i = 0. What is the highest common factor of 13 and u?
13
Let f(d) = 2*d. Let v be f(1). Suppose -6 = -z + v. What is the highest common factor of 4 and z?
4
Let v = -112 - -197. Calculate the greatest common divisor of v and 17.
17
Let f(d) be the first derivative of -d**3/3 - d**2 + d - 5. Let y be f(-2). Calculate the highest common factor of y and 5.
1
Let a be 0*(-4)/(-16) + -3. Let y = a + 5. What is the highest common divisor of 22 and y?
2
Let r be -2 + -1 + (8 - -3). What is the greatest common factor of r and 24?
8
Let a(j) = j**3 - j + 34. Let t be a(0). What is the highest common factor of 51 and t?
17
Suppose -2*z + 6*u = 8*u - 250, z - 4*u = 125. What is the greatest common factor of z and 50?
25
Suppose 50 = 27*d - 22*d. Calculate the greatest common divisor of d and 5.
5
Let i be -1 + 0 - 1*-3. Suppose c = i + 2. Let w be (6/c)/((-3)/(-4)). What is the greatest common divisor of w and 2?
2
Let z(b) = -9*b**3 - b - 1. Let l be z(-1). Let o = 41 - 14. Calculate the highest common divisor of o and l.
9
Let r be (-5)/10*1*-132. What is the greatest common divisor of 99 and r?
33
Suppose -5*b + 3*p + 9 = -22, -3*b + 4*p + 23 = 0. Calculate the highest common factor of b and 30.
5
Suppose -4*o + 11 = -9. Suppose -o*k = -4*c - 192, -2*c + c = k - 33. Calculate the greatest common divisor of 90 and k.
18
Let j = 8 - 6. What is the greatest common divisor of j and 2?
2
Let o(t) = -12*t**2 + 73*t - 3. Let f be o(6). Let a be (-9)/(-1) + -1 - 1. Let m = -4 + a. What is the greatest common divisor of m and f?
3
Suppose -2*f = -3*w - 4, 0*f - 3*f - w + 6 = 0. Suppose -f*h + 32 = -122. Calculate the greatest common factor of h and 11.
11
Suppose 4*c = -4*g + 104, -3*c + 4*g + 112 = 2*c. Let m = 178 + -118. Calculate the greatest common factor of c and m.
12
Suppose 2*x = -6, -6*b + 4*b - 2*x = 0. Suppose v + 38 = b*v. Calculate the highest common factor of v and 171.
19
Let s(y) = -10*y**2 - 2 + 3 + 3 - y**3. Let h be s(-10). Calculate the greatest common divisor of 36 and h.
4
Suppose 0 = 4*d - 78 - 22. What is the highest common factor of 75 and d?
25
Let v be 2 - 0 - 1*14. Let d = 6 + v. Let j = d - -9. What is the greatest common factor of j and 27?
3
Suppose 4*y - 100 = -2*h, 4*h + 3*y - 197 = -2*y. Let m = 17 + -5. What is the greatest common divisor of m and h?
12
Suppose 11*q = 19*q - 408. Calculate the greatest common divisor of 68 and q.
17
Let l = 156 - 90. Calculate the highest common divisor of l and 44.
22
Let y = -32 + 40. Calculate the greatest common divisor of y and 40.
8
Let d be 1*(1 - -6)*(17 + -6). Let k = -15 - -26. What is the highest common divisor of k and d?
11
Let y(j) = -j - 1. Let m be y(-1). Suppose -i - i + 2*p = 82, -4*i - 3*p - 164 = m. Let k = i + 57. What is the highest common factor of 40 and k?
8
Suppose 0 = 7*i - 3*i. Let p be (i - -1)/((-1)/12). Let n be (-166)/(-8) - 3/p. What is the greatest common divisor of 168 and n?
21
Let h(b) = 5 - 1 + 0*b**3 + 3*b**2 + 7*b - b**3. Let q be h(-4). Suppose 2*i = -2*j - 2*i + 14, 50 = 4*j - 3*i. Calculate the highest common factor of q and j.
11
Let t(b) = -4*b + 17. Let w be t(3). What is the greatest common factor of w and 10?
5
Suppose 56 = 5*a - 3*w - 3, 2*a + 3*w - 32 = 0. Calculate the highest common factor of a and 13.
13
Suppose -25 = 3*g + 5*c + 43, -g = 2*c + 22. Suppose 0 = 2*v + n + 98, -2*v + 5*n = n + 108. Let a = g - v. Calculate the greatest common factor of 60 and a.
12
Suppose 0*k + 2*t = 2*k - 8, -4*t + 4 = 0. Suppose -20 = 4*i - k*i. What is the highest common divisor of i and 120?
20
Suppose 3*f + 0*f - 6 = 0. Let b be -1 + 2 - (-5 + f). Suppose b*r - r = -3*q + 57, r = q - 13. Calculate the greatest common factor of 4 and q.
4
Let i = 8 + -7. Suppose -3 + 7 = -2*c. Let z be 1/c*(-3 - -1). Calculate the greatest common factor of z and i.
1
Suppose 3*h = -4*g + 356, -5*g + 3*g = 5*h - 192. Calculate the highest common divisor of 129 and g.
43
Suppose 0 = 5*v - y - 66, 17 = 4*v - 4*y - 39. Suppose -3*b + 2*b + v = 0. What is the greatest common divisor of b and 104?
13
Let b be 3/((-60)/128)*-5. Let c(d) = -2*d - 6. Let s be c(-5). Suppose 0*q = -t - q + 4, -q - 36 = -s*t. What is the greatest common factor of t and b?
8
Suppose 4*o + 4*m - 172 = -0*o, -5*o + 213 = 3*m. Suppose -q = 3*q - 252. What is the greatest common divisor of o and q?
21
Let w be ((-6)/(-8))/(1/4). Suppose w*x = 49 + 74. Let i = x - 25. What is the highest common factor of 8 and i?
8
Suppose 0*t = 5*t - 100. Suppose 3*g = -g + 32. Calculate the highest common divisor of t and g.
4
Suppose -2*w = 10 + 8. Let m be -14*w/(-6)*-1. Calculate the highest common factor of m and 14.
7
Let b(a) be the second derivative of a**3/3 + 8*a**2 + a. Let m be b(-11). Let y be 6/9 - 68/m. Calculate the greatest common divisor of 8 and y.
4
Let g(z) = 10*z - 39. Let o be g(6). Calculate the highest common factor of o and 147.
21
Suppose -p + 3 = 2*p. What is the greatest common factor of 11 and p?
1
Suppose w = -2*l - 2, w + 24 = 4*l - 4*w. Let h = -9 + 20. Calculate the highest common divisor of h and l.
1
Suppose 9*t - 51 + 15 = 0. Calculate the greatest common factor of 16 and t.
4
Let k(w) = -w + 1. Let s be k(4). Let y = s + 5. Suppose -z - 22 = -2*z + 4*r, y*z + 4*r = 20. Calculate the greatest common divisor of 126 and z.
14
Let s(i) = 7*i - 27. Let z be s(5). What is the highest common divisor of z and 32?
8
Let h be 14/49 - 1118/(-7). Suppose -3*n - n = -h. Let o(q) = -2*q - 4. Let v be o(-6). Calculate